{"id":316,"date":"2016-05-17T18:51:21","date_gmt":"2016-05-17T16:51:21","guid":{"rendered":"http:\/\/www.gestioglobal.net\/es\/assessorament\/assessorament-laboral\/"},"modified":"2022-04-04T16:52:53","modified_gmt":"2022-04-04T14:52:53","slug":"asesoria-laboral","status":"publish","type":"page","link":"https:\/\/www.gestioglobal.net\/es\/asesoria-laboral\/","title":{"rendered":"Asesor\u00eda Laboral"},"content":{"rendered":"","protected":false},"excerpt":{"rendered":"","protected":false},"author":2,"featured_media":0,"parent":0,"menu_order":4,"comment_status":"closed","ping_status":"closed","template":"","meta":{"_monsterinsights_skip_tracking":false,"footnotes":""},"class_list":["post-316","page","type-page","status-publish","hentry"],"yoast_head":"<!-- This site is optimized with the Yoast SEO plugin v18.4.1 - https:\/\/yoast.com\/wordpress\/plugins\/seo\/ -->\n<title>Asesor\u00eda laboral para empresas y aut\u00f3nomos en Olot y Gerona<\/title>\n<meta name=\"description\" content=\"\u00bfNecesitas que te hagan las n\u00f3minas y los contratos? Gesti\u00f3 Global asesora a las empresas y los aut\u00f3nomos de Olot y Girona en el \u00e1mbito laboral\" \/>\n<meta name=\"robots\" content=\"index, follow, max-snippet:-1, max-image-preview:large, max-video-preview:-1\" \/>\n<link rel=\"canonical\" href=\"https:\/\/www.gestioglobal.net\/es\/asesoria-laboral\/\" \/>\n<meta property=\"og:locale\" content=\"es_ES\" \/>\n<meta property=\"og:type\" content=\"article\" \/>\n<meta property=\"og:title\" content=\"Asesor\u00eda laboral para empresas y aut\u00f3nomos en Olot y Gerona\" \/>\n<meta property=\"og:description\" content=\"\u00bfNecesitas que te hagan las n\u00f3minas y los contratos? Gesti\u00f3 Global asesora a las empresas y los aut\u00f3nomos de Olot y Girona en el \u00e1mbito laboral\" \/>\n<meta property=\"og:url\" content=\"https:\/\/www.gestioglobal.net\/es\/asesoria-laboral\/\" \/>\n<meta property=\"og:site_name\" content=\"Gestio Global\" \/>\n<meta property=\"article:modified_time\" content=\"2022-04-04T14:52:53+00:00\" \/>\n<meta name=\"twitter:card\" content=\"summary\" \/>\n<script type=\"application\/ld+json\" class=\"yoast-schema-graph\">{\"@context\":\"https:\/\/schema.org\",\"@graph\":[{\"@type\":\"WebSite\",\"@id\":\"https:\/\/www.gestioglobal.net\/#website\",\"url\":\"https:\/\/www.gestioglobal.net\/\",\"name\":\"Gestio Global\",\"description\":\"\",\"potentialAction\":[{\"@type\":\"SearchAction\",\"target\":{\"@type\":\"EntryPoint\",\"urlTemplate\":\"https:\/\/www.gestioglobal.net\/?s={search_term_string}\"},\"query-input\":\"required name=search_term_string\"}],\"inLanguage\":\"es\"},{\"@type\":\"WebPage\",\"@id\":\"https:\/\/www.gestioglobal.net\/es\/asesoria-laboral\/#webpage\",\"url\":\"https:\/\/www.gestioglobal.net\/es\/asesoria-laboral\/\",\"name\":\"Asesor\u00eda laboral para empresas y aut\u00f3nomos en Olot y Gerona\",\"isPartOf\":{\"@id\":\"https:\/\/www.gestioglobal.net\/#website\"},\"datePublished\":\"2016-05-17T16:51:21+00:00\",\"dateModified\":\"2022-04-04T14:52:53+00:00\",\"description\":\"\u00bfNecesitas que te hagan las n\u00f3minas y los contratos? Gesti\u00f3 Global asesora a las empresas y los aut\u00f3nomos de Olot y Girona en el \u00e1mbito laboral\",\"breadcrumb\":{\"@id\":\"https:\/\/www.gestioglobal.net\/es\/asesoria-laboral\/#breadcrumb\"},\"inLanguage\":\"es\",\"potentialAction\":[{\"@type\":\"ReadAction\",\"target\":[\"https:\/\/www.gestioglobal.net\/es\/asesoria-laboral\/\"]}]},{\"@type\":\"BreadcrumbList\",\"@id\":\"https:\/\/www.gestioglobal.net\/es\/asesoria-laboral\/#breadcrumb\",\"itemListElement\":[{\"@type\":\"ListItem\",\"position\":1,\"name\":\"Inici\",\"item\":\"https:\/\/www.gestioglobal.net\/es\/inicio\/\"},{\"@type\":\"ListItem\",\"position\":2,\"name\":\"Asesor\u00eda Laboral\"}]}]}<\/script>\n<!-- \/ Yoast SEO plugin. -->","yoast_head_json":{"title":"Asesor\u00eda laboral para empresas y aut\u00f3nomos en Olot y Gerona","description":"\u00bfNecesitas que te hagan las n\u00f3minas y los contratos? Gesti\u00f3 Global asesora a las empresas y los aut\u00f3nomos de Olot y Girona en el \u00e1mbito laboral","robots":{"index":"index","follow":"follow","max-snippet":"max-snippet:-1","max-image-preview":"max-image-preview:large","max-video-preview":"max-video-preview:-1"},"canonical":"https:\/\/www.gestioglobal.net\/es\/asesoria-laboral\/","og_locale":"es_ES","og_type":"article","og_title":"Asesor\u00eda laboral para empresas y aut\u00f3nomos en Olot y Gerona","og_description":"\u00bfNecesitas que te hagan las n\u00f3minas y los contratos? Gesti\u00f3 Global asesora a las empresas y los aut\u00f3nomos de Olot y Girona en el \u00e1mbito laboral","og_url":"https:\/\/www.gestioglobal.net\/es\/asesoria-laboral\/","og_site_name":"Gestio Global","article_modified_time":"2022-04-04T14:52:53+00:00","twitter_card":"summary","schema":{"@context":"https:\/\/schema.org","@graph":[{"@type":"WebSite","@id":"https:\/\/www.gestioglobal.net\/#website","url":"https:\/\/www.gestioglobal.net\/","name":"Gestio Global","description":"","potentialAction":[{"@type":"SearchAction","target":{"@type":"EntryPoint","urlTemplate":"https:\/\/www.gestioglobal.net\/?s={search_term_string}"},"query-input":"required name=search_term_string"}],"inLanguage":"es"},{"@type":"WebPage","@id":"https:\/\/www.gestioglobal.net\/es\/asesoria-laboral\/#webpage","url":"https:\/\/www.gestioglobal.net\/es\/asesoria-laboral\/","name":"Asesor\u00eda laboral para empresas y aut\u00f3nomos en Olot y Gerona","isPartOf":{"@id":"https:\/\/www.gestioglobal.net\/#website"},"datePublished":"2016-05-17T16:51:21+00:00","dateModified":"2022-04-04T14:52:53+00:00","description":"\u00bfNecesitas que te hagan las n\u00f3minas y los contratos? Gesti\u00f3 Global asesora a las empresas y los aut\u00f3nomos de Olot y Girona en el \u00e1mbito laboral","breadcrumb":{"@id":"https:\/\/www.gestioglobal.net\/es\/asesoria-laboral\/#breadcrumb"},"inLanguage":"es","potentialAction":[{"@type":"ReadAction","target":["https:\/\/www.gestioglobal.net\/es\/asesoria-laboral\/"]}]},{"@type":"BreadcrumbList","@id":"https:\/\/www.gestioglobal.net\/es\/asesoria-laboral\/#breadcrumb","itemListElement":[{"@type":"ListItem","position":1,"name":"Inici","item":"https:\/\/www.gestioglobal.net\/es\/inicio\/"},{"@type":"ListItem","position":2,"name":"Asesor\u00eda Laboral"}]}]}},"_links":{"self":[{"href":"https:\/\/www.gestioglobal.net\/es\/wp-json\/wp\/v2\/pages\/316","targetHints":{"allow":["GET"]}}],"collection":[{"href":"https:\/\/www.gestioglobal.net\/es\/wp-json\/wp\/v2\/pages"}],"about":[{"href":"https:\/\/www.gestioglobal.net\/es\/wp-json\/wp\/v2\/types\/page"}],"author":[{"embeddable":true,"href":"https:\/\/www.gestioglobal.net\/es\/wp-json\/wp\/v2\/users\/2"}],"replies":[{"embeddable":true,"href":"https:\/\/www.gestioglobal.net\/es\/wp-json\/wp\/v2\/comments?post=316"}],"version-history":[{"count":13,"href":"https:\/\/www.gestioglobal.net\/es\/wp-json\/wp\/v2\/pages\/316\/revisions"}],"predecessor-version":[{"id":924,"href":"https:\/\/www.gestioglobal.net\/es\/wp-json\/wp\/v2\/pages\/316\/revisions\/924"}],"wp:attachment":[{"href":"https:\/\/www.gestioglobal.net\/es\/wp-json\/wp\/v2\/media?parent=316"}],"curies":[{"name":"wp","href":"https:\/\/api.w.org\/{rel}","templated":true}]}}

Asesoría Laboral

<!-- This site is optimized with the Yoast SEO plugin v18.4.1 - https://yoast.com/wordpress/plugins/seo/ -->
<title>Asesoría laboral para empresas y autónomos en Olot y Gerona</title>
<meta name="description" content="¿Necesitas que te hagan las nóminas y los contratos? Gestió Global asesora a las empresas y los autónomos de Olot y Girona en el ámbito laboral" />
<meta name="robots" content="index, follow, max-snippet:-1, max-image-preview:large, max-video-preview:-1" />
<link rel="canonical" href="https://www.gestioglobal.net/es/asesoria-laboral/" />
<meta property="og:locale" content="es_ES" />
<meta property="og:type" content="article" />
<meta property="og:title" content="Asesoría laboral para empresas y autónomos en Olot y Gerona" />
<meta property="og:description" content="¿Necesitas que te hagan las nóminas y los contratos? Gestió Global asesora a las empresas y los autónomos de Olot y Girona en el ámbito laboral" />
<meta property="og:url" content="https://www.gestioglobal.net/es/asesoria-laboral/" />
<meta property="og:site_name" content="Gestio Global" />
<meta property="article:modified_time" content="2022-04-04T14:52:53+00:00" />
<meta name="twitter:card" content="summary" />
<script type="application/ld+json" class="yoast-schema-graph">{"@context":"https://schema.org","@graph":[{"@type":"WebSite","@id":"https://www.gestioglobal.net/#website","url":"https://www.gestioglobal.net/","name":"Gestio Global","description":"","potentialAction":[{"@type":"SearchAction","target":{"@type":"EntryPoint","urlTemplate":"https://www.gestioglobal.net/?s={search_term_string}"},"query-input":"required name=search_term_string"}],"inLanguage":"es"},{"@type":"WebPage","@id":"https://www.gestioglobal.net/es/asesoria-laboral/#webpage","url":"https://www.gestioglobal.net/es/asesoria-laboral/","name":"Asesoría laboral para empresas y autónomos en Olot y Gerona","isPartOf":{"@id":"https://www.gestioglobal.net/#website"},"datePublished":"2016-05-17T16:51:21+00:00","dateModified":"2022-04-04T14:52:53+00:00","description":"¿Necesitas que te hagan las nóminas y los contratos? Gestió Global asesora a las empresas y los autónomos de Olot y Girona en el ámbito laboral","breadcrumb":{"@id":"https://www.gestioglobal.net/es/asesoria-laboral/#breadcrumb"},"inLanguage":"es","potentialAction":[{"@type":"ReadAction","target":["https://www.gestioglobal.net/es/asesoria-laboral/"]}]},{"@type":"BreadcrumbList","@id":"https://www.gestioglobal.net/es/asesoria-laboral/#breadcrumb","itemListElement":[{"@type":"ListItem","position":1,"name":"Inici","item":"https://www.gestioglobal.net/es/inicio/"},{"@type":"ListItem","position":2,"name":"Asesoría Laboral"}]}]}</script>
<!-- / Yoast SEO plugin. -->

Asesoría laboral para empresas y autónomos en Olot y Gerona

¿Necesitas que te hagan las nóminas y los contratos? Gestió Global asesora a las empresas y los autónomos de Olot y Girona en el ámbito laboral
